ided by 872?
594
Calculate the remainder when 1961274 is divided by 150866.
16
What is the remainder when 162269 is divided by 629?
616
Calculate the remainder when 34128 is divided by 1344.
528
Calculate the remainder when 55665647 is divided by 1142.
1141
What is the remainder when 15582421 is divided by 837?
829
What is the remainder when 33085 is divided by 15835?
1415
Calculate the remainder when 191335532 is divided by 58.
28
Calculate the remainder when 414432840 is divided by 207216418.
4
What is the remainder when 72573 is divided by 12067?
171
What is the remainder when 86526 is divided by 182?
76
What is the remainder when 462215 is divided by 195?
65
Calculate the remainder when 10894359 is divided by 369.
3
What is the remainder when 2676899 is divided by 3120?
3059
What is the remainder when 8158744 is divided by 2406?
2404
Calculate the remainder when 6077255 is divided by 13875.
5
What is the remainder when 1211368 is divided by 605578?
212
What is the remainder when 35656605 is divided by 312?
309
Calculate the remainder when 35068625 is divided by 27.
26
Calculate the remainder when 256280 is divided by 127324.
1632
Calculate the remainder when 2362878 is divided by 260.
258
What is the remainder when 93772 is divided by 409?
111
Calculate the remainder when 52291291 is divided by 3778.
3771
What is the remainder when 622529 is divided by 103669?
515
Calculate the remainder when 1791365 is divided by 55.
15
Calculate the remainder when 69167966 is divided by 4665.
11
What is the remainder when 1664313 is divided by 1120?
1113
Calculate the remainder when 23515708 is divided by 11757850.
8
Calculate the remainder when 17175329 is divided by 5725069.
122
Calculate the remainder when 8797992 is divided by 31.
6
What is the remainder when 42202 is divided by 1176?
1042
What is the remainder when 2297691 is divided by 574?
543
What is the remainder when 9355 is divided by 6559?
2796
Calculate the remainder when 374321 is divided by 74857.
36
What is the remainder when 6023 is divided by 4778?
1245
Calculate the remainder when 677922 is divided by 37662.
6
What is the remainder when 1906233 is divided by 3517?
19
What is the remainder when 668448 is divided by 222756?
180
Calculate the remainder when 145687286 is divided by 230.
226
What is the remainder when 112792 is divided by 11149?
1302
What is the remainder when 1078274 is divided by 63375?
899
What is the remainder when 455665 is divided by 1842?
691
Calculate the remainder when 35654 is divided by 2972.
2962
What is the remainder when 831641 is divided by 1647?
1553
What is the remainder when 14625391 is divided by 60939?
31
Calculate the remainder when 361135117 is divided by 2490587.
2
What is the remainder when 5422537 is divided by 361498?
67
What is the remainder when 267214 is divided by 165?
79
Calculate the remainder when 2429277 is divided by 2892.
2889
What is the remainder when 806030 is divided by 1985?
120
Calculate the remainder when 2107992 is divided by 19.
18
Calculate the remainder when 528425 is divided by 66.
29
Calculate the remainder when 755270 is divided by 4176.
3590
What is the remainder when 6930183 is divided by 861?
855
What is the remainder when 11504051 is divided by 58995?
26
Calculate the remainder when 182668622 is divided by 2137.
2136
Calculate the remainder when 6597693 is divided by 336.
333
What is the remainder when 28659 is divided by 1062?
1047
Calculate the remainder when 57773 is divided by 1721.
980
Calculate the remainder when 26413 is divided by 193.
165
What is the remainder when 49852 is divided by 49490?
362
Calculate the remainder when 10003685 is divided by 909424.
21
Calculate the remainder when 3222812 is divided by 186.
176
What is the remainder when 764286 is divided by 254720?
126
What is the remainder when 73250184 is divided by 5?
4
What is the remainder when 3220266 is divided by 100631?
74
Calculate the remainder when 3359026 is divided by 645.
511
What is the remainder when 304900521 is divided by 171?
168
Calculate the remainder when 38091999 is divided by 105.
99
Calculate the remainder when 97873 is divided by 98.
69
What is the remainder when 37226830 is divided by 3384257?
3
Calculate the remainder when 1030 is divided by 339.
13
What is the remainder when 4071390 is divided by 1357101?
87
What is the remainder when 682930 is divided by 294?
262
What is the remainder when 784632 is divided by 392144?
344
Calculate the remainder when 16822235 is divided by 4.
3
Calculate the remainder when 3841603 is divided by 4796.
7
Calculate the remainder when 452845 is divided by 452833.
12
What is the remainder when 19166 is divided by 1549?
578
Calculate the remainder when 2004397 is divided by 5087.
119
Calculate the remainder when 903829 is divided by 451703.
423
What is the remainder when 324945 is divided by 2826?
2781
What is the remainder when 28085514 is divided by 277?
207
What is the remainder when 18547474 is divided by 1173?
1171
Calculate the remainder when 998480645 is divided by 414.
413
What is the remainder when 13778429 is divided by 2888?
2669
Calculate the remainder when 2659569 is divided by 664863.
117
Calculate the remainder when 1800273 is divided by 224986.
385
Calculate the remainder when 774344 is divided by 192739.
3388
What is the remainder when 68508953 is divided by 80?
73
What is the remainder when 3238743 is divided by 4640?
23
What is the remainder when 271727 is divided by 129?
53
What is the remainder when 159795 is divided by 14408?
1307
Calculate the remainder when 8691882 is divided by 1086485.
2
Calculate the remainder when 23574766 is divided by 101.
53
Calculate the remainder when 4476855 is divided by 105.
75
What is the remainder when 15768983 is divided by 2332?
2331
What is the remainder when 78143326 is divided by 3012?
3010
What is the remainder when 7939 is divided by 2554?
277
Calculate the remainder when 3974043 is divided by 15168.
27
Calculate the remainder when 218873 is divided by 244.
5
What is the remainder when 3398552755 is divided by 4556?
4555
Calculate the remainder when 11096383 is divided by 64.
63
What is the remainder when 466365 is divided by 128?
61
What is the remainder when 40681 is divided by 382?
189
What is the remainder when 401819458 is divided by 1127?
5
What is the remainder when 171530 is divided by 56375?
2405
What is the remainder when 13909460 is divided by 210749?
26
What is the remainder when 54533 is divided by 7720?
493
What is the remainder when 9070186 is divided by 92?
90
What is the remainder when 420527 is divided by 2662?
2593
Calculate the remainder when 90904 is divided by 90727.
177
What is the remainder when 1647175 is divided by 34316?
7
Calculate the remainder when 15864 is divided by 1439.
35
Calculate the remainder when 57370 is divided by 17201.
5767
What is the remainder when 3057806 is divided by 533?
518
Calculate the remainder when 33786808 is divided by 1877042.
52
Calculate the remainder when 83092597 is divided by 83092597.
0
Calculate the remainder when 2212678 is divided by 1106142.
394
Calculate the remainder when 46449597 is divided by 4222684.
73
What is the remainder when 646657 is divided by 261?
160
What is the remainder when 2830408 is divided by 355?
348
What is the remainder when 1858610 is divided by 90?
20
What is the remainder when 6028724 is divided by 488?
460
Calculate the remainder when 62014 is divided by 1170.
4
Calculate the remainder when 306484850 is divided by 307.
303
What is the remainder when 175117 is divided by 2337?
2179
What is the remainder when 1740496 is divided by 435053?
284
What is the remainder when 4083631 is divided by 1968?
31
What is the remainder when 1692769 is divided by 545?
544
What is the remainder when 10847835 is divided by 5498?
281
What is the remainder when 7426796 is divided by 42?
20
What is the remainder when 8345 is divided by 665?
365
What is the remainder when 3223188 is divided by 8?
4
What is the remainder when 15722556 is divided by 982653?
108
Calculate the remainder when 23990519 is divided by 2909.
2905
What is the remainder when 263847 is divided by 1367?
16
Calculate the remainder when 19486249 is divided by 21508.
1
What is the remainder when 